s the remainder when p is divided by m?
5
Suppose 0*k - 39 = -3*k. Let i(v) = v**3 - 7*v**2 + 10*v + 14. What is the remainder when i(6) is divided by k?
12
What is the remainder when -14*((-6)/7)/1 is divided by 5?
2
Calculate the remainder when 40 is divided by (-3 + (-11)/(-2))*6.
10
Let y be -6*1 - (-2)/(-1). Let g = 12 + y. Calculate the remainder when 15 is divided by g.
3
Let a be (3 - 4)/((-3)/(-216)). Calculate the remainder when 52 is divided by (a/42)/(2/(-21)).
16
Suppose 0 = -3*l - 0*l + 3*k + 138, 4*k + 12 = 0. Calculate the remainder when l is divided by 11.
10
Suppose 154 + 297 = 3*s - 2*l, -3*s + 436 = l. Calculate the remainder when s is divided by 30.
27
Let k(t) = -5*t + 15. Calculate the remainder when k(-11) is divided by 18.
16
Suppose -19 = -5*k + z, -z + 5 = 4*z. Calculate the remainder when (-188)/(-8)*k/2 is divided by 12.
11
Let z = -8 + 18. Let x(i) = -5*i**3 + 6*i**3 + 3*i**2 - 2*i**3 + 4. What is the remainder when z is divided by x(3)?
2
Let g(w) = -w**2 - 9*w - 7. Let a = 2 - -12. Let c = 8 - a. Calculate the remainder when 20 is divided by g(c).
9
Let r = 140 - 112. What is the remainder when 79 is divided by r?
23
Suppose -2*n = -8 - 2, -5*n - 2 = -3*g. Calculate the remainder when 35 is divided by g.
8
Let w(x) = -x**2 + 7*x + 4. Let r be w(7). Suppose -y = -15 - r. Suppose 30 = 4*g - g. What is the remainder when y is divided by g?
9
Let o = 62 + -47. Calculate the remainder when 44 is divided by o.
14
Let x = 5 + 3. What is the remainder when 14 is divided by x?
6
Suppose -2 + 6 = 4*y - 4*p, 0 = 3*p - 3. Suppose -t = -y*t - 92. Let w = t + 131. What is the remainder when w is divided by 10?
9
Let m(g) = -g**2 + 25*g + 12. Calculate the remainder when 46 is divided by m(25).
10
Let x(w) = 4*w + 3. Let a be x(-2). Let d = -3 - a. Let r = -7 + 9. Calculate the remainder when r is divided by d.
0
Let q = 2 + 1. Suppose -4*h + 2*r = 20, 8*h + 3*r = 3*h - q. What is the remainder when 47 is divided by (-12)/5*20/h?
15
Suppose 5*n - 9 = 2*n. What is the remainder when (10 - n)*7*1 is divided by 17?
15
Suppose -3*h + 118 = -h + 2*t, 3*t + 263 = 5*h. Let s = 3 - -16. What is the remainder when h is divided by s?
17
Suppose -6 = -2*z + u + 29, -5*z = -2*u - 87. Let a = z + -3. Calculate the remainder when a is divided by 5.
4
Let n = 16 - 16. Suppose 2*q = -n*q + 62. What is the remainder when q is divided by 17?
14
Let a be 246/8 + 9/(-12). Suppose r - 3*q + 69 = 4*r, -2*r + a = -2*q. Calculate the remainder when r is divided by 7.
5
Let r(h) = 8*h + 1. Calculate the remainder when r(4) is divided by 9.
6
Let c = 7 - 5. Suppose -k - 12 = -5*k, -3*v + 99 = c*k. Calculate the remainder when v is divided by 3*(-2)/(-3) + 9.
9
Suppose 2*y - 3*y + 30 = 0. Let k = y + -21. Calculate the remainder when 17 is divided by k.
8
Let j(x) be the third derivative of 0*x + 1/6*x**3 + 0 + 11/60*x**5 + 2*x**2 - 1/12*x**4. Calculate the remainder when 29 is divided by j(1).
9
Suppose -5*o = -12 + 2. Suppose -o*t + 4 = -2. Calculate the remainder when 8 is divided by t.
2
Suppose p - l + 5 - 28 = 0, 125 = 5*p + 5*l. Suppose -p = -3*h + 33. Calculate the remainder when h is divided by 7.
5
Suppose 46 + 17 = 7*r. Let m = r + 14. What is the remainder when 66 is divided by m?
20
Suppose z - 22 = -x, 4*z = 4*x - 4 - 92. Suppose 2*l - 4 = -t - 3*t, 0 = 4*l + t - 43. Calculate the remainder when x is divided by l.
11
Let l(d) = 2*d**2 - 3*d + 6. What is the remainder when 45 is divided by l(2)?
5
Suppose w + 4*i + 4 = 1, 0 = -5*w - 4*i + 17. What is the remainder when ((-3)/(-1))/((-2)/(-6)) is divided by w?
4
Let w(n) = n**3 - 6*n**2 + 6*n + 8. Let u(b) = -3*b**3 + 12*b**2 - 11*b - 15. Let g(q) = 2*u(q) + 5*w(q). Calculate the remainder when 7 is divided by g(-7).
1
Suppose -u + 10 + 31 = 0. What is the remainder when u is divided by 11?
8
Suppose -2*p = 6, 3*y - 3*p = 5*y - 1. What is the remainder when y is divided by 3?
2
Let l(o) = -o**3 + 3*o**2 + 2*o + 1. Let b = 1 + 12. What is the remainder when b is divided by l(3)?
6
Calculate the remainder when -24*-3*1/4 is divided by 5.
3
Let l(w) = -w**3 + 9*w**2 - 10*w - 2. Calculate the remainder when 5*16 - (-13 - -16) is divided by l(7).
25
Suppose -61 = 8*k - 173. Calculate the remainder when 151 is divided by k.
11
Let b be (10 + -6)/((-4)/(-6)). Suppose 3*x = b*x - 6. Calculate the remainder when 11 is divided by x.
1
Let n(a) = a**3 + 11*a**2 - 6*a + 1. What is the remainder when n(-11) is divided by 17?
16
Let n(g) = -3*g - 6. What is the remainder when 1296/38 + (-2)/19 is divided by n(-6)?
10
Let n(p) = -p + 6. What is the remainder when 6 is divided by n(3)?
0
Suppose 0 = -4*h + b + 46, -5*h + h - 2*b + 40 = 0. What is the remainder when 41 is divided by h?
8
Let c = 15 - -14. What is the remainder when 56 is divided by c?
27
Suppose 2*a + 3*x = -3, -3*a + 6*a - 23 = x. Calculate the remainder when a is divided by 3.
0
What is the remainder when 89 is divided by (-6)/39 + (-602)/(-26)?
20
Suppose -58 = 2*j - 222. What is the remainder when j is divided by 17?
14
Let c = -1 + 0. Suppose 0 = 3*d - 2 - 4. What is the remainder when 13 is divided by 7 + c - -3 - d?
6
Let p(w) = -50*w + 3. Calculate the remainder when p(-1) is divided by 19.
15
What is the remainder when 15 is divided by -2 + 0 - (-8 - 2)?
7
Let b be (-180)/(-5) + -1 + 4. Let h = b + -9. What is the remainder when h is divided by 17?
13
Let t = -17 + 50. What is the remainder when 130 is divided by t?
31
Suppose u - 4 = -u. What is the remainder when 19 is divided by (-63)/(-6)*u/3?
5
Let l(p) = -4*p - 2. Suppose 2*v + 2*q = 8, 6 + 4 = 3*v + 2*q. What is the remainder when l(-1) is divided by v?
0
Let g(h) = h**2 + 16*h. What is the remainder when g(-17) is divided by 5?
2
Let m(p) = 7*p - 68. Calculate the remainder when 7 is divided by m(10).
1
Let w(u) = -u**3 - 3*u**2 + 14*u. Calculate the remainder when w(-7) is divided by 50.
48
Suppose 2*g + 3*a - 1 = -7, 3*a + 6 = -5*g. Suppose -3 = -q - g*q. Let m = q - 2. What is the remainder when 1 is divided by m?
0
Let t = 136 - 84. Calculate the remainder when t is divided by 14.
10
Suppose 0 = 5*l - 25, 5*l + 3 - 12 = -4*h. Let b = -2 - h. Suppose 0*f + 3*k + 94 = b*f, -3*f - 4*k = -158. What is the remainder when f is divided by 17?
16
Let a = 0 + 5. Let b(g) = 3*g**2 - 2*g - 3. Let o be b(a). Let m = o + -43. Calculate the remainder when m is divided by 11.
8
Let y be 3 + -4 + 1 + 1. Calculate the remainder when 27 is divided by (-345)/(-25) - y/(-5).
13
Let f = -36 - -71. Suppose 0*i = -i. Suppose i*r + 3*r - 36 = 0. Calculate the remainder when f is divided by r.
11
Let p = 87 - 83. Calculate the remainder when 23 is divided by p.
3
Let y(c) = -c**3 + 3*c**2 + 5*c - 3. Let z be y(4). Suppose -6*o = -5*o - 1. Let x = z + o. Calculate the remainder when 4 is divided by x.
0
Let h(d) = 8*d + 13. Let n be h(-6). Let v = n + 53. Calculate the remainder when 33 is divided by v.
15
Suppose -2 = k, 0 = 3*o - 5*o - k + 96. Suppose -1 - o = -2*f. Let y = -7 + f. What is the remainder when 52 is divided by y?
16
Let q(l) = -l**3 - 6*l**2 - 2*l - 1. Calculate the remainder when 106 is divided by q(-6).
7
Let x(y) = 2*y - 13. Suppose 5 = 2*u - 13. Calculate the remainder when u is divided by x(9).
4
Let g = -9 + 24. Calculate the remainder when 36 is divided by g.
6
Suppose 7 = 4*s - 1. Suppose s*c = -c + 84. Calculate the remainder when c is divided by 10.
8
Suppose -4*o + 2*o = -140. Suppose 0*y - y = -18. What is the remainder when o is divided by y?
16
What is the remainder when (-1683)/(-22) - (-1)/(-2) is divided by 39?
37
Let l(r) = r - 1. Let t(v) = -v**2 - 9*v - 6. Let q(s) = -3*l(s) + t(s). Calculate the remainder when 45 is divided by q(-9).
21
Let o(g) = 6*g. What is the remainder when (1/2)/((-3)/(-138)) is divided by o(2)?
11
Let h(r) = 17*r - 2. Let z be h(-2). Let o = -22 - z. Calculate the remainder when o is divided by 8.
6
Suppose 5*k - 22 - 213 = 0. What is the remainder when k is divided by 8?
7
Let t be (0*(-2)/(-4))/1. What is the remainder when (10 - t) + (1 - 0) is divided by 4?
3
Suppose 10*j + 28 = 12*j. Calculate the remainder when 23 is divided by j.
9
Let c(u) = -9*u - 5. Let y = 5 + -3. Suppose -q - 24 = 5*x, 6 = -y*q - 2. What is the remaind